{"id":2,"date":"2025-10-28T19:53:13","date_gmt":"2025-10-28T19:53:13","guid":{"rendered":"http:\/\/camillelemerrer.fr\/?page_id=2"},"modified":"2025-12-11T21:59:08","modified_gmt":"2025-12-11T21:59:08","slug":"sample-page","status":"publish","type":"page","link":"https:\/\/camillelemerrer.fr\/?page_id=2","title":{"rendered":"Qui suis-je ?"},"content":{"rendered":"\n<div style=\"height:33px\" aria-hidden=\"true\" class=\"wp-block-spacer\"><\/div>\n\n\n\n<h2 class=\"wp-block-heading has-text-align-center\">Qui suis-je ?<\/h2>\n\n\n\n<figure class=\"wp-block-image alignleft size-large is-resized\"><img loading=\"lazy\" decoding=\"async\" width=\"1024\" height=\"819\" src=\"https:\/\/camillelemerrer.fr\/wp-content\/uploads\/2025\/11\/0425-11_8-1-1024x819.jpg\" alt=\"Prospection en cano\u00eb sur le vieux Roubion, Mont\u00e9limar (26). Cr\u00e9dit : Antoine Picard\" class=\"wp-image-197\" style=\"width:494px;height:auto\" srcset=\"https:\/\/camillelemerrer.fr\/wp-content\/uploads\/2025\/11\/0425-11_8-1-1024x819.jpg 1024w, https:\/\/camillelemerrer.fr\/wp-content\/uploads\/2025\/11\/0425-11_8-1-300x240.jpg 300w, https:\/\/camillelemerrer.fr\/wp-content\/uploads\/2025\/11\/0425-11_8-1-768x614.jpg 768w, https:\/\/camillelemerrer.fr\/wp-content\/uploads\/2025\/11\/0425-11_8-1.jpg 1500w\" sizes=\"auto, (max-width: 1024px) 100vw, 1024px\" \/><figcaption class=\"wp-element-caption\">Prospection en cano\u00eb sur le vieux Roubion, Mont\u00e9limar (26). <br><strong>Cr\u00e9dit<\/strong> : <a href=\"https:\/\/www.a-picard.fr\/\">Antoine Picard<\/a> \u00a9<\/figcaption><\/figure>\n\n\n\n<p class=\"has-text-align-center\">J&#8217;ai commenc\u00e9 \u00e0 \u00e9tudier les Odonates lors du mon <strong>BTSA Gestion et Protection de la Nature<\/strong> \u00e0 Saint-Aubin-du-Cormier (35) en 2012. Investi b\u00e9n\u00e9volement depuis longtemps dans des associations naturalistes, je suis notamment coordinateur pour la Dr\u00f4me et secr\u00e9taire au sein du <strong><a href=\"http:\/\/www.sympetrum.fr\">Groupe Sympetrum<\/a><\/strong>.<\/p>\n\n\n\n<p class=\"has-text-align-center\">Je mets depuis plusieurs ann\u00e9es mon expertise au service du plus grand nombre : <strong>accompagnement de gestionnaires<\/strong> dans la prise en compte des Odonates, <strong>formation de naturalistes<\/strong> d\u00e9butants et professionnels, <strong>conf\u00e9rences et animations<\/strong> grand public, organisation de <strong>camps de prospection<\/strong>, <strong>validation des donn\u00e9es et gestion de la base<\/strong> d\u00e9partementale, <strong>r\u00e9daction d&#8217;ouvrages<\/strong> et de supports de vulgarisation, participation \u00e0 des atlas r\u00e9gionaux et d\u00e9partementaux (organisation des prospections, r\u00e9daction, relecture, iconographie).<\/p>\n\n\n\n<p class=\"has-text-align-center\">Par ailleurs, je suis \u00e9galement <strong>guide de cano\u00eb et kayak<\/strong> : l&#8217;utilisation de ces embarcations me permet de <strong>prospecter des secteurs inaccessibles<\/strong> autrement et de chercher des esp\u00e8ces m\u00e9connues et menac\u00e9es.<\/p>\n","protected":false},"excerpt":{"rendered":"<p>Qui suis-je ? J&#8217;ai commenc\u00e9 \u00e0 \u00e9tudier les Odonates lors du mon BTSA Gestion et Protection de la Nature \u00e0 [&hellip;]<\/p>\n","protected":false},"author":1,"featured_media":0,"parent":0,"menu_order":0,"comment_status":"closed","ping_status":"closed","template":"","meta":{"site-sidebar-layout":"default","site-content-layout":"","ast-site-content-layout":"default","site-content-style":"default","site-sidebar-style":"default","ast-global-header-display":"","ast-banner-title-visibility":"","ast-main-header-display":"","ast-hfb-above-header-display":"","ast-hfb-below-header-display":"","ast-hfb-mobile-header-display":"","site-post-title":"disabled","ast-breadcrumbs-content":"","ast-featured-img":"","footer-sml-layout":"","theme-transparent-header-meta":"","adv-header-id-meta":"","stick-header-meta":"","header-above-stick-meta":"","header-main-stick-meta":"","header-below-stick-meta":"","astra-migrate-meta-layouts":"default","ast-page-background-enabled":"default","ast-page-background-meta":{"desktop":{"background-color":"var(--ast-global-color-5)","background-image":"","background-repeat":"repeat","background-position":"center center","background-size":"auto","background-attachment":"scroll","background-type":"","background-media":"","overlay-type":"","overlay-color":"","overlay-opacity":"","overlay-gradient":""},"tablet":{"background-color":"","background-image":"","background-repeat":"repeat","background-position":"center center","background-size":"auto","background-attachment":"scroll","background-type":"","background-media":"","overlay-type":"","overlay-color":"","overlay-opacity":"","overlay-gradient":""},"mobile":{"background-color":"","background-image":"","background-repeat":"repeat","background-position":"center center","background-size":"auto","background-attachment":"scroll","background-type":"","background-media":"","overlay-type":"","overlay-color":"","overlay-opacity":"","overlay-gradient":""}},"ast-content-background-meta":{"desktop":{"background-color":"var(--ast-global-color-4)","background-image":"","background-repeat":"repeat","background-position":"center center","background-size":"auto","background-attachment":"scroll","background-type":"","background-media":"","overlay-type":"","overlay-color":"","overlay-opacity":"","overlay-gradient":""},"tablet":{"background-color":"var(--ast-global-color-4)","background-image":"","background-repeat":"repeat","background-position":"center center","background-size":"auto","background-attachment":"scroll","background-type":"","background-media":"","overlay-type":"","overlay-color":"","overlay-opacity":"","overlay-gradient":""},"mobile":{"background-color":"var(--ast-global-color-4)","background-image":"","background-repeat":"repeat","background-position":"center center","background-size":"auto","background-attachment":"scroll","background-type":"","background-media":"","overlay-type":"","overlay-color":"","overlay-opacity":"","overlay-gradient":""}},"footnotes":""},"class_list":["post-2","page","type-page","status-publish","hentry"],"_links":{"self":[{"href":"https:\/\/camillelemerrer.fr\/index.php?rest_route=\/wp\/v2\/pages\/2","targetHints":{"allow":["GET"]}}],"collection":[{"href":"https:\/\/camillelemerrer.fr\/index.php?rest_route=\/wp\/v2\/pages"}],"about":[{"href":"https:\/\/camillelemerrer.fr\/index.php?rest_route=\/wp\/v2\/types\/page"}],"author":[{"embeddable":true,"href":"https:\/\/camillelemerrer.fr\/index.php?rest_route=\/wp\/v2\/users\/1"}],"replies":[{"embeddable":true,"href":"https:\/\/camillelemerrer.fr\/index.php?rest_route=%2Fwp%2Fv2%2Fcomments&post=2"}],"version-history":[{"count":22,"href":"https:\/\/camillelemerrer.fr\/index.php?rest_route=\/wp\/v2\/pages\/2\/revisions"}],"predecessor-version":[{"id":449,"href":"https:\/\/camillelemerrer.fr\/index.php?rest_route=\/wp\/v2\/pages\/2\/revisions\/449"}],"wp:attachment":[{"href":"https:\/\/camillelemerrer.fr\/index.php?rest_route=%2Fwp%2Fv2%2Fmedia&parent=2"}],"curies":[{"name":"wp","href":"https:\/\/api.w.org\/{rel}","templated":true}]}}