{"id":122,"date":"2025-11-03T23:18:14","date_gmt":"2025-11-03T23:18:14","guid":{"rendered":"https:\/\/camillelemerrer.fr\/?page_id=122"},"modified":"2025-12-17T22:08:52","modified_gmt":"2025-12-17T22:08:52","slug":"projets-realises-et-partenaires","status":"publish","type":"page","link":"https:\/\/camillelemerrer.fr\/?page_id=122","title":{"rendered":"Projets r\u00e9alis\u00e9s et partenaires"},"content":{"rendered":"\n<div style=\"height:68px\" aria-hidden=\"true\" class=\"wp-block-spacer\"><\/div>\n\n\n\n<p class=\"has-text-align-center\" style=\"font-size:28px\"><strong>Ils m&#8217;ont fait confiance<\/strong><\/p>\n\n\n\n<div class=\"wp-block-group is-content-justification-center is-nowrap is-layout-flex wp-container-core-group-is-layout-23441af8 wp-block-group-is-layout-flex\">\n<figure class=\"wp-block-image size-full is-resized\"><a href=\"https:\/\/sympetrum.fr\/\" target=\"_blank\" rel=\" noreferrer noopener\"><img loading=\"lazy\" decoding=\"async\" width=\"300\" height=\"300\" src=\"https:\/\/camillelemerrer.fr\/wp-content\/uploads\/2025\/11\/Sympetrum_300px-5.png\" alt=\"\" class=\"wp-image-253\" style=\"width:auto;height:100px\" srcset=\"https:\/\/camillelemerrer.fr\/wp-content\/uploads\/2025\/11\/Sympetrum_300px-5.png 300w, https:\/\/camillelemerrer.fr\/wp-content\/uploads\/2025\/11\/Sympetrum_300px-5-150x150.png 150w\" sizes=\"auto, (max-width: 300px) 100vw, 300px\" \/><\/a><\/figure>\n\n\n\n<figure class=\"wp-block-image size-full is-resized\"><a href=\"https:\/\/www.ladrome.fr\/mon-quotidien\/environnement\/les-espaces-naturels-sensibles\/\" target=\"_blank\" rel=\" noreferrer noopener\"><img loading=\"lazy\" decoding=\"async\" width=\"294\" height=\"300\" src=\"https:\/\/camillelemerrer.fr\/wp-content\/uploads\/2025\/11\/Dep_drome_300px-2.png\" alt=\"\" class=\"wp-image-268\" style=\"width:auto;height:100px\"\/><\/a><\/figure>\n\n\n\n<figure class=\"wp-block-image size-full is-resized\"><a href=\"https:\/\/www.lagaredesramieres.com\/fr\/\" target=\"_blank\" rel=\" noreferrer noopener\"><img loading=\"lazy\" decoding=\"async\" width=\"914\" height=\"320\" src=\"https:\/\/camillelemerrer.fr\/wp-content\/uploads\/2025\/11\/reserve_ramieres_300px-1.png\" alt=\"\" class=\"wp-image-260\" style=\"width:auto;height:100px\" srcset=\"https:\/\/camillelemerrer.fr\/wp-content\/uploads\/2025\/11\/reserve_ramieres_300px-1.png 914w, https:\/\/camillelemerrer.fr\/wp-content\/uploads\/2025\/11\/reserve_ramieres_300px-1-300x105.png 300w, https:\/\/camillelemerrer.fr\/wp-content\/uploads\/2025\/11\/reserve_ramieres_300px-1-768x269.png 768w\" sizes=\"auto, (max-width: 914px) 100vw, 914px\" \/><\/a><\/figure>\n\n\n\n<figure class=\"wp-block-image size-full is-resized\"><a href=\"https:\/\/www.festival-lesyeuxdansleau.fr\/fr\/\" target=\"_blank\" rel=\" noreferrer noopener\"><img loading=\"lazy\" decoding=\"async\" width=\"636\" height=\"790\" src=\"https:\/\/camillelemerrer.fr\/wp-content\/uploads\/2025\/11\/yeux_dans_leau_300px-2.png\" alt=\"\" class=\"wp-image-256\" style=\"width:auto;height:100px\" srcset=\"https:\/\/camillelemerrer.fr\/wp-content\/uploads\/2025\/11\/yeux_dans_leau_300px-2.png 636w, https:\/\/camillelemerrer.fr\/wp-content\/uploads\/2025\/11\/yeux_dans_leau_300px-2-242x300.png 242w\" sizes=\"auto, (max-width: 636px) 100vw, 636px\" \/><\/a><\/figure>\n\n\n\n<figure class=\"wp-block-image size-full is-resized\"><a href=\"https:\/\/st-aubin.educagri.fr\/\" target=\"_blank\" rel=\" noreferrer noopener\"><img loading=\"lazy\" decoding=\"async\" width=\"660\" height=\"748\" src=\"https:\/\/camillelemerrer.fr\/wp-content\/uploads\/2025\/11\/Capture-decran-2025-11-11-a-18.00.48-1.png\" alt=\"\" class=\"wp-image-262\" style=\"width:auto;height:100px\" srcset=\"https:\/\/camillelemerrer.fr\/wp-content\/uploads\/2025\/11\/Capture-decran-2025-11-11-a-18.00.48-1.png 660w, https:\/\/camillelemerrer.fr\/wp-content\/uploads\/2025\/11\/Capture-decran-2025-11-11-a-18.00.48-1-265x300.png 265w\" sizes=\"auto, (max-width: 660px) 100vw, 660px\" \/><\/a><\/figure>\n\n\n\n<figure class=\"wp-block-image size-large is-resized\"><a href=\"https:\/\/www.ifreemis.fr\/\" target=\"_blank\" rel=\" noreferrer noopener\"><img loading=\"lazy\" decoding=\"async\" width=\"1024\" height=\"358\" src=\"https:\/\/camillelemerrer.fr\/wp-content\/uploads\/2025\/11\/Capture-decran-2025-11-11-a-18.01.52-2-1024x358.png\" alt=\"\" class=\"wp-image-264\" style=\"width:auto;height:100px\" srcset=\"https:\/\/camillelemerrer.fr\/wp-content\/uploads\/2025\/11\/Capture-decran-2025-11-11-a-18.01.52-2-1024x358.png 1024w, https:\/\/camillelemerrer.fr\/wp-content\/uploads\/2025\/11\/Capture-decran-2025-11-11-a-18.01.52-2-300x105.png 300w, https:\/\/camillelemerrer.fr\/wp-content\/uploads\/2025\/11\/Capture-decran-2025-11-11-a-18.01.52-2-768x268.png 768w, https:\/\/camillelemerrer.fr\/wp-content\/uploads\/2025\/11\/Capture-decran-2025-11-11-a-18.01.52-2.png 1048w\" sizes=\"auto, (max-width: 1024px) 100vw, 1024px\" \/><\/a><\/figure>\n<\/div>\n\n\n\n<div style=\"height:74px\" aria-hidden=\"true\" class=\"wp-block-spacer\"><\/div>\n\n\n\n<p class=\"has-text-align-center\" style=\"font-size:28px\"><strong>Quelques projets r\u00e9alis\u00e9s<\/strong><\/p>\n\n\n\n<hr class=\"wp-block-separator has-alpha-channel-opacity\"\/>\n\n\n\n<p class=\"has-text-align-left\" style=\"font-size:24px\"><strong>\u00c9tudes<\/strong> <strong>en cours<\/strong><\/p>\n\n\n\n<figure class=\"wp-block-image alignright size-full is-resized\"><img loading=\"lazy\" decoding=\"async\" width=\"582\" height=\"582\" src=\"https:\/\/camillelemerrer.fr\/wp-content\/uploads\/2025\/11\/486316192_1100801945416491_7493326433536701180_n-1-edited.jpeg\" alt=\"\" class=\"wp-image-321\" style=\"width:375px;height:auto\" srcset=\"https:\/\/camillelemerrer.fr\/wp-content\/uploads\/2025\/11\/486316192_1100801945416491_7493326433536701180_n-1-edited.jpeg 582w, https:\/\/camillelemerrer.fr\/wp-content\/uploads\/2025\/11\/486316192_1100801945416491_7493326433536701180_n-1-edited-300x300.jpeg 300w, https:\/\/camillelemerrer.fr\/wp-content\/uploads\/2025\/11\/486316192_1100801945416491_7493326433536701180_n-1-edited-150x150.jpeg 150w\" sizes=\"auto, (max-width: 582px) 100vw, 582px\" \/><figcaption class=\"wp-element-caption\"><strong>Cr\u00e9dit<\/strong> : <a href=\"https:\/\/www.virginieterrassin.fr\/\">Virginie Terrassin<\/a> \u00a9<\/figcaption><\/figure>\n\n\n\n<ul class=\"wp-block-list\">\n<li><strong><em>Suivi pluriannuel des Odonates de 3 ENS<\/em> (For\u00eat de Sao\u00fb, Parc de Lorient, Plateau d&#8217;Ambel), D\u00e9partement de la Dr\u00f4me, 2026-2029<\/strong>.<\/li>\n\n\n\n<li><strong><em>Suivi des Odonates de la confluence V\u00e9ore-Lierne et du ruisseau de Guillomont, sites restaur\u00e9s par des m\u00e9thodes low-tech bas\u00e9es sur les processus<\/em>, Valence-Romans-Agglo, 2026.<\/strong><\/li>\n<\/ul>\n\n\n\n<p style=\"font-size:24px\"><strong>\u00c9tudes<\/strong> <strong>pass\u00e9es<\/strong><\/p>\n\n\n\n<ul class=\"wp-block-list\">\n<li><em>\u00c9tude des Libellules de 5 tufi\u00e8res en Rh\u00f4ne-Alpes<\/em>, Groupe\u00a0Sympetrum\u00a0et Ifreemis, 2024.<\/li>\n\n\n\n<li><em>\u00c9tude de l\u2019odonatofaune des 2 principales tufi\u00e8res de Combe-Laval<\/em>, Groupe&nbsp;Sympetrum&nbsp;et PNR du Vercors, 2023.<\/li>\n\n\n\n<li><em>\u00c9tude des Libellules du site Natura 2000 du Roubion (Dr\u00f4me)<\/em>, Dossier rouge n\u00b066 du Groupe Sympetrum, 2023.<\/li>\n\n\n\n<li><em>Les mares \u00e0 castors de Bellegarde-en-Diois (Dr\u00f4me)<\/em>, Dossier rouge n\u00b063 du Groupe&nbsp;Sympetrum, 2022.<\/li>\n<\/ul>\n\n\n\n<div style=\"height:13px\" aria-hidden=\"true\" class=\"wp-block-spacer\"><\/div>\n\n\n\n<hr class=\"wp-block-separator has-alpha-channel-opacity\"\/>\n\n\n\n<p class=\"has-text-align-left\" style=\"font-size:24px\"><strong>Participation \u00e0 des ouvrages<\/strong><\/p>\n\n\n\n<ul class=\"wp-block-list\">\n<li><em>Atlas des Libellules de la Dr\u00f4me<\/em>&nbsp;\u2013 Faton (coord.), 2024 : lancement du projet (2020), coordination des prospections compl\u00e9mentaires (2022 et 2023), relecture de 54 monographies.<\/li>\n\n\n\n<li><em>Atlas des Libellules de la Loire<\/em>&nbsp;\u2013 Deliry, Noally &amp; Ulmer (coord.), 2022 : relecture de 12 monographies.<\/li>\n\n\n\n<li><em>Atlas des Libellules de la Bretagne \u00e0 la Vend\u00e9e<\/em>&nbsp;\u2013 coll., 2024 : mise \u00e0 disposition de photographies.<\/li>\n<\/ul>\n\n\n\n<div style=\"height:12px\" aria-hidden=\"true\" class=\"wp-block-spacer\"><\/div>\n\n\n\n<hr class=\"wp-block-separator has-alpha-channel-opacity\"\/>\n\n\n\n<p class=\"has-text-align-left\" style=\"font-size:24px\"><strong>Formation, animation, accompagnement<\/strong><\/p>\n\n\n\n<figure class=\"wp-block-image alignright size-large is-resized has-custom-border\" style=\"margin-right:var(--wp--preset--spacing--60);margin-left:var(--wp--preset--spacing--60)\"><img loading=\"lazy\" decoding=\"async\" width=\"909\" height=\"1024\" src=\"https:\/\/camillelemerrer.fr\/wp-content\/uploads\/2025\/11\/P1250533-1-scaled-e1763332410516-909x1024.jpg\" alt=\"\" class=\"wp-image-209\" style=\"border-style:none;border-width:0px;width:354px;height:auto\" srcset=\"https:\/\/camillelemerrer.fr\/wp-content\/uploads\/2025\/11\/P1250533-1-scaled-e1763332410516-909x1024.jpg 909w, https:\/\/camillelemerrer.fr\/wp-content\/uploads\/2025\/11\/P1250533-1-scaled-e1763332410516-266x300.jpg 266w, https:\/\/camillelemerrer.fr\/wp-content\/uploads\/2025\/11\/P1250533-1-scaled-e1763332410516-768x865.jpg 768w, https:\/\/camillelemerrer.fr\/wp-content\/uploads\/2025\/11\/P1250533-1-scaled-e1763332410516-1364x1536.jpg 1364w, https:\/\/camillelemerrer.fr\/wp-content\/uploads\/2025\/11\/P1250533-1-scaled-e1763332410516-1819x2048.jpg 1819w, https:\/\/camillelemerrer.fr\/wp-content\/uploads\/2025\/11\/P1250533-1-scaled-e1763332410516.jpg 1920w\" sizes=\"auto, (max-width: 909px) 100vw, 909px\" \/><\/figure>\n\n\n\n<ul class=\"wp-block-list\">\n<li><strong>Accompagnement<\/strong> de l\u2019\u00e9quipe salari\u00e9e de la <strong>R\u00e9serve Naturelle Nationale des Rami\u00e8res<\/strong> du Val de Dr\u00f4me \u00e0 la prise en compte des enjeux odonatologiques au sein de la r\u00e9serve et \u00e0 l\u2019identification des esp\u00e8ces (imagos et exuvies). (depuis 2022)<\/li>\n\n\n\n<li><strong>Formation <\/strong>des stagiaires et des personnes en service civique \u00e0 l\u2019<strong>Espace Naturel Sensible d\u00e9partemental de la For\u00eat de Sao\u00fb <\/strong>(26) \u00e0 la reconnaissance des esp\u00e8ces (imagos, exuvies et larves) et aux m\u00e9thodes de recherche adapt\u00e9es au site. (depuis 2023 )<\/li>\n\n\n\n<li><strong>Organisation de camps de prospection<\/strong> (OdoRunAlpes) de plusieurs jours pour le <strong>Groupe&nbsp;Sympetrum<\/strong>&nbsp;: Baronnies en 2021, Vercors en 2022 et Monts du Matin en 2025. Coordination des OdoRunAlpes \u00e0 l\u2019\u00e9chelle r\u00e9gionale pour l\u2019association. (depuis 2024)<\/li>\n\n\n\n<li>Partenariat avec le <strong>festival du film de rivi\u00e8res&nbsp;&#8220;les Yeux Dans l\u2019Eau<\/strong>&#8221;&nbsp;: r\u00e9alisation et projection d\u2019un court-m\u00e9trage sur les larves d\u2019Odonates, animation de cin\u00e9-d\u00e9bats avec du public scolaire, sorties d\u00e9couverte des Odonates. (depuis 2021)<\/li>\n\n\n\n<li><strong>Initiation \u00e0 l\u2019\u00e9tude des Odonates<\/strong> pour les \u00e9tudiant\u00b7es en <strong>BTSA Gestion et Protection de la Nature <\/strong>du CFA de Saint-Aubin-du-Cormier. (2014 et 2015).<\/li>\n<\/ul>\n\n\n\n<p><\/p>\n","protected":false},"excerpt":{"rendered":"<p>Ils m&#8217;ont fait confiance Quelques projets r\u00e9alis\u00e9s \u00c9tudes en cours \u00c9tudes pass\u00e9es Participation \u00e0 des ouvrages Formation, animation, accompagnement<\/p>\n","protected":false},"author":1,"featured_media":0,"parent":0,"menu_order":0,"comment_status":"closed","ping_status":"closed","template":"","meta":{"site-sidebar-layout":"default","site-content-layout":"","ast-site-content-layout":"default","site-content-style":"default","site-sidebar-style":"default","ast-global-header-display":"","ast-banner-title-visibility":"","ast-main-header-display":"","ast-hfb-above-header-display":"","ast-hfb-below-header-display":"","ast-hfb-mobile-header-display":"","site-post-title":"disabled","ast-breadcrumbs-content":"","ast-featured-img":"","footer-sml-layout":"","theme-transparent-header-meta":"","adv-header-id-meta":"","stick-header-meta":"","header-above-stick-meta":"","header-main-stick-meta":"","header-below-stick-meta":"","astra-migrate-meta-layouts":"default","ast-page-background-enabled":"default","ast-page-background-meta":{"desktop":{"background-color":"var(--ast-global-color-5)","background-image":"","background-repeat":"repeat","background-position":"center center","background-size":"auto","background-attachment":"scroll","background-type":"","background-media":"","overlay-type":"","overlay-color":"","overlay-opacity":"","overlay-gradient":""},"tablet":{"background-color":"","background-image":"","background-repeat":"repeat","background-position":"center center","background-size":"auto","background-attachment":"scroll","background-type":"","background-media":"","overlay-type":"","overlay-color":"","overlay-opacity":"","overlay-gradient":""},"mobile":{"background-color":"","background-image":"","background-repeat":"repeat","background-position":"center center","background-size":"auto","background-attachment":"scroll","background-type":"","background-media":"","overlay-type":"","overlay-color":"","overlay-opacity":"","overlay-gradient":""}},"ast-content-background-meta":{"desktop":{"background-color":"var(--ast-global-color-4)","background-image":"","background-repeat":"repeat","background-position":"center center","background-size":"auto","background-attachment":"scroll","background-type":"","background-media":"","overlay-type":"","overlay-color":"","overlay-opacity":"","overlay-gradient":""},"tablet":{"background-color":"var(--ast-global-color-4)","background-image":"","background-repeat":"repeat","background-position":"center center","background-size":"auto","background-attachment":"scroll","background-type":"","background-media":"","overlay-type":"","overlay-color":"","overlay-opacity":"","overlay-gradient":""},"mobile":{"background-color":"var(--ast-global-color-4)","background-image":"","background-repeat":"repeat","background-position":"center center","background-size":"auto","background-attachment":"scroll","background-type":"","background-media":"","overlay-type":"","overlay-color":"","overlay-opacity":"","overlay-gradient":""}},"footnotes":""},"class_list":["post-122","page","type-page","status-publish","hentry"],"_links":{"self":[{"href":"https:\/\/camillelemerrer.fr\/index.php?rest_route=\/wp\/v2\/pages\/122","targetHints":{"allow":["GET"]}}],"collection":[{"href":"https:\/\/camillelemerrer.fr\/index.php?rest_route=\/wp\/v2\/pages"}],"about":[{"href":"https:\/\/camillelemerrer.fr\/index.php?rest_route=\/wp\/v2\/types\/page"}],"author":[{"embeddable":true,"href":"https:\/\/camillelemerrer.fr\/index.php?rest_route=\/wp\/v2\/users\/1"}],"replies":[{"embeddable":true,"href":"https:\/\/camillelemerrer.fr\/index.php?rest_route=%2Fwp%2Fv2%2Fcomments&post=122"}],"version-history":[{"count":63,"href":"https:\/\/camillelemerrer.fr\/index.php?rest_route=\/wp\/v2\/pages\/122\/revisions"}],"predecessor-version":[{"id":475,"href":"https:\/\/camillelemerrer.fr\/index.php?rest_route=\/wp\/v2\/pages\/122\/revisions\/475"}],"wp:attachment":[{"href":"https:\/\/camillelemerrer.fr\/index.php?rest_route=%2Fwp%2Fv2%2Fmedia&parent=122"}],"curies":[{"name":"wp","href":"https:\/\/api.w.org\/{rel}","templated":true}]}}